(1). Determine n(l).
-5
Let t = 48 - 51. Let n(q) = q + 1. Give n(t).
-2
Let r be (-1)/(-2) - (-2)/(-4). Let j(i) = 5 + i - 1 + i**2 - 2*i - 2. What is j(r)?
2
Let b(j) = j**3 + 6*j**2 - 6*j + 10. Let c be b(-7). Suppose 2 = -0*a - a, 2 = 3*m + 2*a. Let t(u) = 5*u - u - 2*u**m - 4 + 2. Give t(c).
-8
Suppose -16 = 4*x, 7*x - 9 = -5*b + 3*x. Let g(d) = -b*d - 14 - d**3 - 2*d + 11 - 7*d**2. Determine g(-6).
3
Let q(x) = -2*x + 6. Suppose -4*c - 3*r + 2*r = -20, -3*c + 28 = 4*r. Give q(c).
-2
Let t(v) = v**2 + 4*v - 5. Let s(r) = -4*r**2 - 11*r + 14. Let p(q) = 3*s(q) + 8*t(q). Give p(-2).
-12
Let y(l) = l**2 - 4*l + 1. Suppose -3*o + 4*o = 3. Suppose 21 = 3*u - o*i, 4*i + 6 = 2*u - 14. Determine y(u).
1
Let h be (-4)/(-2) - 1*-3. Let o(l) = -2 + 7 + 3*l - h. Let z(v) = v**3 - 5*v**2 - 5*v - 7. Let c be z(6). What is o(c)?
-3
Let s(a) be the second derivative of a**5/60 - 5*a**4/24 + 2*a**3/3 + 3*a**2/2 - a. Let j(l) be the first derivative of s(l). Calculate j(4).
0
Let b(m) = m**3 - 10 + 2*m - 8 + 20 + 2*m**2. Give b(-2).
-2
Let c(i) = i**2 + 5*i + 6. Suppose -4*p = -0*p - 12. Suppose -p*g = -4*g + 13. Let a = 8 - g. Calculate c(a).
6
Let w(f) = 15*f + 1. Let k(i) = -7*i. Let a(z) = -9*k(z) - 4*w(z). What is a(3)?
5
Let q(n) = n + 2. Let c be q(-7). Let y = 0 - c. Let s(l) = 3*l**3 - y*l**3 + l**2 + 2*l**2. What is s(2)?
-4
Let x(s) = s**3 + 4*s**2 + 2*s - 4. Let u be (-1)/(-1)*(-2 - 1). Let n be 3*(8/u)/(-4). Suppose -3*r = n*c + 9, 4*c + 3*r = 3*c - 6. Determine x(c).
-1
Let b(n) be the first derivative of -n**2/2 - 4*n + 12. What is b(-6)?
2
Suppose y + 3*y - 8 = 0. Let v(c) = -c**3 + 6*c**2 + 3*c**2 - 5*c**y - 2 + 2*c**3 + c. Calculate v(-3).
4
Let m(v) = 5*v**3 + 9*v + 13. Let x(f) = -f**3 - f**2 - f - 1. Let d(a) = -m(a) - 6*x(a). Determine d(-6).
11
Let t(r) = 2*r - 24 + 16 + 12. Calculate t(-3).
-2
Let t(u) be the first derivative of -u**3/6 + 5*u**2/2 - u - 1. Let d(c) be the first derivative of t(c). Determine d(0).
5
Let c(n) = 13*n**2 - 5*n - 14. Let w(y) = -7*y**2 + 3*y + 7. Let m(b) = 6*c(b) + 11*w(b). Determine m(-5).
3
Let j(m) = -m + 10. Let z(w) = 2*w - 18. Let n(q) = -5*j(q) - 2*z(q). Give n(10).
-4
Let u be (-2)/(-1) + 2 + 1. Let w(c) be the second derivative of c**4/12 - c**3/2 - 2*c**2 + 14*c. Determine w(u).
6
Let n(j) = j - 4. Suppose 3*i - 13 + 37 = 2*u, -20 = 5*i. Let r be -7 - -2*9/u. Calculate n(r).
-8
Let j = -28 + 14. Let u = j - -20. Let k(m) = 3*m**3 + 10*m**2 + 5*m + 9. Let z(y) = -5*y**3 - 15*y**2 - 7*y - 14. Let n(p) = -8*k(p) - 5*z(p). Give n(u).
4
Let j be 8/36 - (-11)/(-9). Let l(y) = -10*y**3 + 4*y**2 + 2*y + 5. Let r(q) = -5*q**3 + 2*q**2 + q + 2. Let o(m) = -2*l(m) + 5*r(m). Determine o(j).
6
Let o(j) = -j**3 + 4*j**2 - 4*j. Let t(n) = -n**3 - 2*n**2 - 10*n - 17. Let b be t(-2). Calculate o(b).
-3
Let j = -30 - -91/3. Let s(m) be the first derivative of -j*m**3 + m**2 - 1 + 2*m. Calculate s(4).
-6
Let o = 66 - 68. Let p(n) = n**3 - n**2 - n + 2. Give p(o).
-8
Let m be ((-6)/(-15))/(2/10). Suppose -3*v + 1 = -m*v. Let s(n) be the third derivative of -n**4/8 - n**3/6 + n**2. Calculate s(v).
-4
Let q(y) = -y**2 + 5*y - 2. Let z be 2/(2/(5 - 1)). Let c be q(z). Let b(f) = -f**3 - 2 + 2*f**c + 3 - 3*f + 0*f**3. Calculate b(2).
-5
Let n(b) = 3*b. Let k = -62 - -59. What is n(k)?
-9
Let j = -106 + 102. Let d(x) = x**3 + 6*x**2 + 6*x. Calculate d(j).
8
Let a = 5 + -16. Let s = -8 - a. Let w = s + 1. Let o(c) = c**2 - 6*c + 6. Determine o(w).
-2
Let u(n) = 20 + n - 20. Let o(y) = -10 - y**2 + 5*y + 3 + y. Let r be o(5). Give u(r).
-2
Let p(i) be the first derivative of 5*i**2/2 - i - 1. Let c(t) = t. Let k be c(-1). Give p(k).
-6
Suppose 3*d = 2*d + 3, 0 = 5*l + 4*d + 3. Let i(v) = v**3 + 5*v**2 + 3*v - 4. Give i(l).
5
Suppose 0 = -2*x + 4*x. Let a be 10 - x/(3 - 0). Suppose 10 = 4*t - a. Let w(u) = -u**3 + 6*u**2 - 7*u + 5. Calculate w(t).
-5
Let q(n) = -2*n**3 + n**2 + 3*n - 1. Let t be 4 + 1*2/(-1). Let u be 52/(-8) - (-1)/t. Let j = -4 - u. Determine q(j).
-7
Let u(l) be the third derivative of -l**6/120 - l**5/20 - l**3/2 + l**2 - 33*l. Determine u(-4).
13
Let l(w) = 5*w - 9. Let f be l(2). Let o(v) = 4*v + 1. Determine o(f).
5
Let i(t) = -2057 + 2057 + 5*t. Suppose 3*y + 6 = 3. Determine i(y).
-5
Let h be (-1 - -5)/(8 - 6). Let l(c) = 2*c + h + 4 - 2 - c. What is l(-5)?
-1
Let i(v) = v**2 - 1. Let y(q) = 2*q - 10. Let h be y(3). Give i(h).
15
Suppose -a + 1 = -2*c, -7 = -c - 3*a - 4. Let v = c + 2. Let k(p) be the second derivative of p**4/4 - p**3/3 - 44*p. What is k(v)?
8
Suppose -4*b = -5*b + 1. Let x(d) = 6*d**2 + d - 1. Calculate x(b).
6
Let x(q) = -2*q + 1 - 1 + 2*q**2 - q - 1. What is x(-2)?
13
Suppose -3*b - 10 = -5*b. Let u(h) = h**3 - 6*h**2 + 3*h - 4. Give u(b).
-14
Let a(x) = 5*x**2 + 6. Let d(l) = 6*l**2 + 7. Let s be (4/(-2))/((-2)/(-7)). Let p(w) = s*a(w) + 6*d(w). Suppose 3*j = -2*j - 10. Calculate p(j).
4
Let x(q) = -q**2 + 3*q. Let i be x(2). Let f(k) = 0*k**2 + 2 - 1 - 2*k**2 - k**i. Calculate f(-1).
-2
Let k(c) = -3 + 4*c + 2 - 3*c - 2*c. Calculate k(-7).
6
Let y = 13 - 7. Let r be ((-5)/3)/((-2)/y). Let z(v) = 3 - 7 - r - v. Calculate z(-5).
-4
Let q(k) be the second derivative of -k**7/1260 + k**5/60 - k**4/12 - 5*k. Let l(v) be the third derivative of q(v). What is l(2)?
-6
Let p(t) be the second derivative of -t**5/20 - 5*t**4/12 - t**3/2 - 12*t. What is p(-4)?
-4
Suppose 2*o + 3 - 11 = 0. Suppose 0 = o*p - p. Let g(i) = -2*i + 8 + 2*i + i**2 - 3. Determine g(p).
5
Let z(a) = 0 + 2 - 5 + a**2 + 4*a + 4. Suppose -4*g + 3*m = -0*m - 23, g = 3*m + 8. Suppose g*n - 3*v = 4 - 29, v - 20 = 4*n. Calculate z(n).
6
Let v(a) = 7*a - 1. Let f be (2 - (-2 - -3)) + 1. Let k be (-1)/((1 - f)/(-1)). Determine v(k).
-8
Suppose 4*l = -4, 22 = -5*r + 3*l - 0*l. Let n(a) = -a**2 - 3*a - 2. Give n(r).
-12
Let u(o) = o**3 - o**2 - o. Suppose -2*v = -5*p + 9, -4*p - v = -2*p - 9. Let d = -1 + p. Let x be d/(-9) - (-22)/18. What is u(x)?
-1
Let p(l) = l**2 - 2*l - 3. Let n(r) = -r**3 - 6*r**2 - 7*r - 6. Let q(v) = -2*v + 3. Let c be 7 - -6*1/(-2). Let x be q(c). Let g be n(x). What is p(g)?
5
Let x = 25 - 18. Let t = x + -7. Let b(d) = d**3 + d**2 - 8. Give b(t).
-8
Suppose -4*q = 4*v + 48, -q + 8 = -v - 3*v. Let d = q - -3. Let f(g) = 252 + 5*g**2 + g - 248 + 5*g**3 - 4*g**3. Calculate f(d).
-1
Let x(r) be the first derivative of -r**4/4 + 5*r**3/3 - r**2 - 5*r + 1. Let f(i) = i**2 + 3*i - 6. Let k be f(2). Give x(k).
3
Let m(g) be the third derivative of g**6/120 - g**5/60 + g**4/24 - g**3/3 + 4*g**2. What is m(2)?
4
Let z(k) = -2*k**3 - 2*k**2 + 2*k - 1. Suppose -3*l = -5*m - 20, 0*m - 8 = -3*l + 2*m. Suppose l = -0*j - j + 1. Calculate z(j).
-3
Let n = -9 - -11. Let t(u) = -n*u**3 + 0*u**2 + 7*u + 0 + 1 + u**3 - 5*u**2. What is t(-6)?
-5
Let x(y) = -y**3 - y**2 - y. Let m(i) = 5*i**3 - 2*i**2 + 8*i - 2. Let v(c) = m(c) + 4*x(c). What is v(2)?
-10
Let n(u) = 6*u**3 - 7*u. Let h(r) = -7*r**3 + 8*r. Let c(w) = 5*h(w) + 6*n(w). Give c(-2).
-4
Let x(p) = -5*p**3 - 2*p**2 + 2*p + 1. Let o(l) = 14*l**3 + 6*l**2 - 5*l - 3. Let g(h) = -4*o(h) - 11*x(h). What is g(-2)?
5
Let b(q) be the first derivative of q**2 - 7*q + 1. Suppose 26 = 2*w + 4*n, 3*w + n + 6 = 5*w. Calculate b(w).
3
Let d(b) be the second derivative of b**5/20 - b**3/3 - b**2/2 + 2*b. Let a be ((-30)/8)/(2/8). Let k be 10/(-4)*12/a. What is d(k)?
3
Let c(d) = -3*d**3 - 3*d**2 - d - 1. Let u(q) = q**3 - 4*q**2 - 4*q - 7. Let a = -3 - -8. Let w be u(a). Calculate c(w).
13
Let l(u) = 8*u**3 - u. Let x(f) = -4*f - 7. Let a be x(-2). Give l(a).
7
Let h(z) be the first derivative of z**5/20 + 5*z**4/12 + z**3/2 + z**2 + 5*z - 9. Let c(v) be the first derivative of h(v). Give c(-4).
6
Let f(j) be the third derivative of -j**7/2520 + j**6/720 - j**4/8 - 2*j**2. Let w(h) be the second derivative of f(h). What is w(1)?
0
Let d(z) = -z**3 + 2*z - 1 + 26*z**2 + 2 - 18*z**2 - 8. Determine d(8).
9
Let j(z) = -z**2 + 9*z + 14. Let t be 14/91 + 256/26. Let d be j(t). Let l(s) = -d - 2 - s**2 + 1 + 5*s + 3. What is l(4)?
2
Let t(c) = -7 + 16 - 3*c + 6*c. Give t(-6).
-9
Suppose 2*t - 3*p = p - 18, 2*p = 5*t + 13. Let f(v) be the third derivative of -v**6/120 - v**3/6 + v**2. Let b(o) be the first derivative of f(o). Give b(t).
-3
Suppose -j = 14 - 17. Let z(a)